e 3, what is -21100222202221102 + 12?
-21100222202221020
In base 12, what is -48995 - -b09?
-47a88
In base 7, what is 4 - -131050130?
131050134
In base 16, what is 1f - 3ec5d?
-3ec3e
In base 12, what is -74 + -19039?
-190b1
In base 15, what is -39b + -a288?
-a634
In base 3, what is 12 + 2101012110100020?
2101012110100102
In base 6, what is 11254 + -1120531?
-1105233
In base 5, what is -41134 + 223314?
132130
In base 7, what is -155225155 - -4?
-155225151
In base 13, what is 9 + -8317c3?
-8317b7
In base 5, what is 2 - -11001420334?
11001420341
In base 8, what is -77 + 435772?
435673
In base 8, what is 13455750 - -15?
13455765
In base 11, what is 16 - 327011?
-326aa6
In base 16, what is -ad5c734 + -6?
-ad5c73a
In base 4, what is 3 - 232301312303?
-232301312300
In base 11, what is -232 + 3299?
3067
In base 16, what is 1db1d88 - -2?
1db1d8a
In base 13, what is -573b - -234c?
-33bc
In base 6, what is 1345 - 5322452?
-5321103
In base 8, what is 14 - 224070?
-224054
In base 15, what is -2502 - 40b?
-290d
In base 11, what is -1217 - 15a?
-1376
In base 6, what is 40 - 1233120121?
-1233120041
In base 6, what is 201322535430 + -3?
201322535423
In base 9, what is 3800 + -2087?
1702
In base 4, what is 132320320 + 21300?
133002220
In base 4, what is -311013 - 312333200?
-313310213
In base 16, what is 114 - 1619c?
-16088
In base 11, what is 256 - -30597?
30842
In base 11, what is -7 + 2567986?
256797a
In base 14, what is 3d + a126?
a165
In base 9, what is 102160 - -656?
102826
In base 15, what is -5 + -4c9d5aa?
-4c9d5b0
In base 11, what is 0 - 56350765?
-56350765
In base 3, what is -2001021 + 10122011?
1120220
In base 9, what is -360 + -351140?
-351510
In base 5, what is -1141240440 + 233?
-1141240202
In base 9, what is 72740051 - -3?
72740054
In base 16, what is -46d016 + 0?
-46d016
In base 15, what is 94eda7 - e?
94ed98
In base 7, what is 311045 + -36?
311006
In base 15, what is 26 + 42bc5d5?
42bc60b
In base 14, what is -8c - 748a?
-7538
In base 8, what is 6 - 43406325?
-43406317
In base 11, what is 0 - 3a2101?
-3a2101
In base 16, what is 3edcaa3 - 2?
3edcaa1
In base 16, what is 17eeaf3 - -4?
17eeaf7
In base 3, what is 20222201 - -1000111011?
1021110212
In base 5, what is 13434210441 - 12?
13434210424
In base 8, what is 36251751 - 2?
36251747
In base 3, what is 1011101221 - 10001122?
1001100022
In base 14, what is 56a41b - -9?
56a426
In base 15, what is 358 - 140c9?
-13c71
In base 10, what is 52063284 + 5?
52063289
In base 16, what is -3f2 - -5bccd?
5b8db
In base 14, what is -20cb2b - 8?
-20cb35
In base 16, what is -4 - 125d5cc6?
-125d5cca
In base 14, what is -3abd8b4 + 4?
-3abd8b0
In base 9, what is 12351362 - 1?
12351361
In base 10, what is 1 + 21806006?
21806007
In base 3, what is -1 - -1111021000012122?
1111021000012121
In base 15, what is 183615 + -4?
183611
In base 15, what is 112 + 15432e?
154441
In base 6, what is -21510350 - -144?
-21510202
In base 6, what is 0 - 400015110?
-400015110
In base 6, what is 52315025 + 1?
52315030
In base 6, what is -1042114543 - -1?
-1042114542
In base 16, what is -3d02 + -2e7?
-3fe9
In base 4, what is 1 + 23321131322?
23321131323
In base 13, what is -199 - 84505?
-846a1
In base 13, what is 40a87c - -124?
40a9a3
In base 16, what is 764 - 15e?
606
In base 4, what is -11112 - -1232131?
1221013
In base 15, what is 1 - -9b4c6?
9b4c7
In base 9, what is 43 + -45878?
-45835
In base 3, what is -2001 + -112202021222122?
-112202022001200
In base 2, what is -101 + 11100111100001110101111?
11100111100001110101010
In base 3, what is 1 - -222102011112102?
222102011112110
In base 3, what is -11 - 12110001202021?
-12110001202102
In base 10, what is 8641180 + -8?
8641172
In base 6, what is -324203412 - -1?
-324203411
In base 12, what is -2650 + -71b1?
-9841
In base 15, what is -6168b0 + -5?
-6168b5
In base 10, what is 28362310 - -4?
28362314
In base 4, what is -101200033 + -2002?
-101202101
In base 3, what is -20 + 201002012012122?
201002012012102
In base 10, what is -605 - -177538?
176933
In base 7, what is 22314364 + 22?
22314416
In base 11, what is 289 - -10841?
1101a
In base 12, what is 23 + 137921?
137944
In base 14, what is 5 - 217420d?
-2174208
In base 13, what is 5 + 14171?
14176
In base 8, what is 71607 + -171?
71416
In base 6, what is -5 + 53200450322?
53200450313
In base 8, what is -7467 + 26740?
17251
In base 5, what is 3 - 2101312402?
-2101312344
In base 7, what is 6 + 653112121?
653112130
In base 2, what is -100000111001111100 + -11110011?
-100000111101101111
In base 16, what is -4 + e202c5?
e202c1
In base 16, what is 789b5 + e?
789c3
In base 4, what is -20031333130 - 10?
-20031333200
In base 8, what is 3 + 420120114?
420120117
In base 8, what is 1 - -1356243666?
1356243667
In base 15, what is 12 - 623c6?
-623b4
In base 9, what is 33 + 747067?
747111
In base 5, what is -113301011 + -1004?
-113302020
In base 6, what is 311312 - -3555?
315311
In base 9, what is -4 - -4470281?
4470276
In base 11, what is -26 - 433a?
-4365
In base 2, what is 1001101110011 + 1010010101011?
10100000011110
In base 14, what is -29a - 298c?
-2c48
In base 11, what is -3 - -12a07507?
12a07504
In base 8, what is 42307 + 13627?
56136
In base 11, what is 41a34 - 36?
419a9
In base 13, what is a08 + 2b41?
3849
In base 8, what is 10366065 + 74?
10366161
In base 13, what is 2c700 + 133c?
30a3c
In base 8, what is -2713124772 - 1?
-2713124773
In base 3, what is 12 - -22002210201000?
22002210201012
In base 7, what is -113 - -335351?
335235
In base 14, what is -1bdac7 + -12a?
-1bdc13
In base 9, what is 25407831 - 34?
25407786
In base 4, what is 210100 + -110332?
33102
In base 5, what is 3043 - -14013240?
14021333
In base 12, what is 392422 - -31?
392453
In base 9, what is -41015666 + -2?
-41015668
In base 7, what is 5 + -36063203?
-36063165
In base 6, what is 1055405 - 2500?
1052505
In base 10, what is 8810 + 14358?
23168
In base 3, what is -21 + 200000000111?
200000000020
In base 4, what is 210 - -202102332?
202103202
In base 16, what is -df51 - -184?
-ddcd
In base 11, what is -5a4065 - -27?
-5a4039
In base 16, what is 7 + 253f4a9?
253f4b0
In base 9, what is 22518 - -8688?
32317
In base 5, what is 11341 + -304440?
-243044
In base 8, what is -75352 - 20456?
-116030
In base 16, what is -6 - -4b7c76?
4b7c70
In base 8, what is 5 + -42701040?
-42701033
In base 7, what is -2456436234 + -2?
-2456436236
In base 4, what is -1300331 - -2230221?
323230
In base 12, what is 1382b - 6591?
925a
In base 14, what is 0 + 990c1bd?
990c1bd
In base 6, what is -3012233540 - -23?
-3012233513
In base 2, what is -1100001011100010001 + 110001101?
-1100001010110000100
In base 11, what is 5 + -5218704?
-52186aa
In base 2, what is -110001100101101011011111101 - 11?
-110001100101101011100000000
In base 9, what is 167850173 + 4?
167850177
In base 6, what is 40052011 - -15?
40052030
In base 7, what is -10213 - -2306?
-4604
In base 5, what is -3130414 + -212?
-3131131
In base 6, what is -3515 - 404120?
-412035
In base 7, what is 2 - -60452120?
60452122
In base 10, what is -683 - 97?
-780
In base 3, what is -111101 + 11102021102?
11101210001
In base 3, what is -100211001122201 + -1?
-100211001122202
In base 16, what is 1f2 + -c4603?
-c4411
In base 4, what is -22313 + 132001?
103022
In base 8, what is -402544 - -34?
-402510
In base 14, what is 2cdc9 + 15d?
2d148
In base 16, what is eb0dbc - -2?
eb0dbe
In base 14, what is 5 - 150b0c?
-150b07
In base 13, what is -1a3 - -140095?
13cbc2
In base 2, what is -111010101011110110011000110 - -1?
-111010101011110110011000101
In base 15, what is 16 - 687aa8?
-687a92
In base 11, what is -91 - 34473?
-34554
In base 10, what is 55 + -2024391?
-2024336
In base 14, what is -19b014 + 7?
-19b00b
In base 14, what is 3 + -6890c?
-68909
In base 2, what is 10000111010 - -111110001010000?
1000000010001010
In base 11, what is 3 + -2495584?
-2495581
In base 15, what is -bb14 - -be7?
-ae1c
In base 2, what is -1011011110011000000 - 111001?
-1011011110011111001
In base 10, what is -25000897 - 2?
-25000899
In base 11, what is -12327227 + -4?
-12327230
In base 3, what is 12012 + 10001211111021?
10001211200110
In base 2, what is 11110111010100 - -11000110101010111?
11100101100101011
In base 14, what is 11b733 + -9b?
11b676
In base 11, what is a48 + -47a?
579
In base 5,